 0 = 3*f. Suppose -j - 1 = 0, -m + t*m = -5*j + 831. What is the remainder when m is divided by u?
41
Suppose 1221 = 47*g - 2257. Let v = -24 + 26. Calculate the remainder when g is divided by v.
0
Let c(u) = 3*u**2 - 3*u + 4. Suppose 7*r - 21*r = 1008. Let i = -64 - r. What is the remainder when c(3) is divided by i?
6
Let t = 80 + -31. Let d = -338 + 327. What is the remainder when t is divided by (-12)/d*(-66)/(-4)?
13
Suppose 2*t - 33422 = -113*o + 118*o, 0 = 2*t - 4*o - 33418. What is the remainder when t is divided by 12?
9
Suppose -8 = -616*m + 615*m. What is the remainder when 614 is divided by m?
6
Let v(d) = 3*d**3 - 77*d**2 - 26*d + 7. Calculate the remainder when (1/4)/((-10)/(-2680)) is divided by v(26).
4
Let z be 8*(30/9 + -4)*21. Let v = z - -190. Calculate the remainder when v is divided by 27.
24
Suppose -5*u = -0*u - 150. Let s(g) = 119*g**2 + 5*g + 3. Suppose x = -22*n + 17*n - 7, -4*n = 2*x + 8. What is the remainder when s(n) is divided by u?
27
Let l be ((-14)/(-21))/((-4)/2406). Let r = -15 - 560. Let x = l - r. What is the remainder when x is divided by 44?
42
Calculate the remainder when (-5 - 268)*(-3)/7 is divided by 36.
9
Let d(l) = -l**2 + 17*l + 2. Let w be ((-6)/2)/(4/8 + -1). Suppose w*u - 97 = -1. Calculate the remainder when d(14) is divided by u.
12
Let w(p) = 1047*p + 3171. What is the remainder when 4049 is divided by w(-3)?
29
Suppose 1377*r = 1364*r + 23972. What is the remainder when r is divided by 42?
38
Suppose -3*m + 853 = 3*n - 4*n, 4*n + 1417 = 5*m. What is the remainder when m is divided by 47?
3
Calculate the remainder when (42/(-49))/(3/(-28)) - -70 is divided by (-29)/((-2 - -1)/1).
20
Let t be (-1)/(-2 + (1 - 9/(-12))). Suppose 0*r - r = t*r. Suppose r = 4*a - a - 54. Calculate the remainder when a is divided by 5.
3
Let c be -134*18/8*-2. Let d = c - 398. Calculate the remainder when d is divided by 69.
67
Let y = 91 - 91. Let n(g) = g**3 + 2*g**2 - 3*g - 530. Let h be n(y). Calculate the remainder when h/(-3) - (-2 - 0)/6 is divided by 36.
33
Let k(q) = -1938*q + 677. What is the remainder when k(-1) is divided by 57?
50
Suppose 13*g - 15*g + 38 = 0. What is the remainder when 699 is divided by g?
15
Let h(j) = j**3 + 11*j**2 - 29*j - 36. Let a be h(-13). Suppose p - 11*m + 16*m - 419 = 0, 0 = a*p - 2*m - 1325. What is the remainder when p is divided by 88?
87
Suppose 161*c = -4*c - 321*c + 18954. Calculate the remainder when ((-16)/3)/((-1)/36) is divided by c.
36
Let x = 11372 - 11337. Calculate the remainder when 278 is divided by x.
33
Suppose -9873 = -82*t - 33*t + 6112. What is the remainder when 20848 is divided by t?
137
Suppose 48 = 4*p - 3*m, 64 = -3*p + 7*p + m. Let x(u) = -15*u + 238. What is the remainder when x(p) is divided by 9?
4
Let w = 19882 - 19701. Calculate the remainder when 413 is divided by w.
51
Let w(m) = 61*m**3 - 21*m**2 + 111*m - 119. Calculate the remainder when w(3) is divided by 35.
27
Suppose -9*v = 2*d - 4*v - 43, 2*d - 4*v = -2. Calculate the remainder when 367 is divided by d.
7
Let k(r) = 2*r**2 - 9*r + 3. Let l be k(-4). Suppose l = 2*j - 63. Calculate the remainder when 197 is divided by j.
63
Let l = 197 - 191. Let n(j) = -3 + 0*j**2 + 6*j**2 + 2*j + 0*j - j**2. Calculate the remainder when n(l) is divided by 38.
37
Suppose 0 = 3*v - 5*k - 267, 5*v - 28*k - 464 = -26*k. Suppose 4*y = y - 132. Let z = y + 69. Calculate the remainder when v is divided by z.
19
Let m(c) = -c**2 + 12. Suppose 185 = 5*i + k, 17528*i - 17532*i + 120 = -2*k. Calculate the remainder when i is divided by m(0).
11
Let z = 101 - 64. Calculate the remainder when (7 + -3 - 3)/(70/23100) is divided by z.
34
Suppose -3*m = 2*h - 312, -5*h - 4*m + 528 = -245. What is the remainder when 1061 is divided by h?
143
Let z = 28 + 10. Let x be (z/(-14) - -3) + 551/7. Let b = x + -57. What is the remainder when 84 is divided by b?
18
Suppose -t - m = 2*m + 286, -t - 282 = m. Let h = t + 337. What is the remainder when 171 is divided by h?
0
Suppose -1154*p + 1158*p = 220. Calculate the remainder when 873 is divided by p.
48
Suppose 26*c - 5400 = 12*c - 1620. Calculate the remainder when 815 is divided by c.
5
Let w be 28 + (2 - 2) + 0. Suppose -12132*m - 104 = -12119*m. Calculate the remainder when 1772/w + m/28 is divided by 11.
8
Let j = -1533 + 1611. Suppose 0 = -2*d - 2*d - 92. Let u = d + 44. Calculate the remainder when j is divided by u.
15
Suppose f - 4*k = 104, -4*f - 5*k + 567 = 130. What is the remainder when 745 is divided by f?
97
Suppose 4*t = 3*y + 83, 4*t - 3*y + 55 = 6*t. Let z(v) = 1 + 24*v + 5*v**2 - t + 6*v - 3*v**2. Calculate the remainder when z(-18) is divided by 30.
26
Let i(n) = -n**3 - 18*n**2 - 18*n - 2. Let s be i(-17). Let k = -22 + s. Calculate the remainder when 82 is divided by (-2 + 6)*k/(-2).
12
Let k = 588 + -410. Suppose k = -4*a + 6. Let b = a - -52. What is the remainder when 59 is divided by b?
5
Let c(i) = i**3 - 35*i**2 - 84*i + 377. What is the remainder when 426 is divided by c(37)?
6
Suppose 0 = -i - 4*l + 607 - 179, -i = -l - 423. Calculate the remainder when i is divided by 142.
140
Let i(h) = h**3 + 98*h**2 - 646*h - 185. Calculate the remainder when i(-104) is divided by 22.
13
Let d(q) = -5*q - 7. Let o be d(-1). What is the remainder when o*5/(10/(-33)) is divided by 23?
10
Let r = -17 - -33. Suppose 2*t + 3*n - 104 = 0, -229*t - 5*n = -232*t + 156. What is the remainder when t is divided by r?
4
Let c = 8513 - 8441. Calculate the remainder when 1655 is divided by c.
71
Suppose -4*r = -24 - 20. Let z(v) = -v**3 + 11*v**2 - v + 19. What is the remainder when 52 is divided by z(r)?
4
Suppose 0 = -10*n + 15 - 255. Let q be ((-56)/n)/((-15)/(-18) - 1). What is the remainder when ((-15)/(-6))/((-1)/q) is divided by 19?
16
Suppose -1615 = -171*r + 152*r. Suppose 0 = -5*u - 3*l + 200, 4*u - 225 = -u + 2*l. What is the remainder when r is divided by u?
42
Calculate the remainder when -7*(-167 - (2 + -6)) is divided by 11.
8
Let v = 35 - 9. Suppose a - v = y + 9, 2*a - y = 73. Calculate the remainder when 104 is divided by a.
28
Suppose 786 - 104 + 928 = 23*j. Calculate the remainder when 350 is divided by j.
0
What is the remainder when 493 is divided by (40/(-6))/(460/(-1035))?
13
Calculate the remainder when 36/(-14)*(-21 + 0) is divided by 15/(-60) - (-205)/20.
4
What is the remainder when ((-36)/(-3))/(-11 + (-9186)/(-834)) is divided by 211?
201
What is the remainder when 1679 is divided by (-2646)/252*(-5)/((-30)/(-32))?
55
Let y(d) = -4*d - 12. Let o be y(-4). Suppose -o = -5*k + 31. What is the remainder when ((-12)/(-1))/(6 + -5) is divided by k?
5
Let g be (3952/57)/(1/(-3)). Let q = g - -780. What is the remainder when 11/(q/5312) - (-4)/(-26) is divided by 26?
24
Let c(l) = 52*l**2 - 114*l + 1796. What is the remainder when c(14) is divided by 15?
12
Let p = -130 + 91. Let b be 16/96 + 830/(-12). Let c = p - b. Calculate the remainder when c is divided by 8.
6
Suppose 4*r + 3*g = 3098, -19*r + 14*r - 5*g = -3880. What is the remainder when r is divided by 33?
11
Let t = 20821 + -20800. What is the remainder when 12934 is divided by t?
19
Let l(d) = d - 1. Let j(t) = 2*t**2 - 12*t - 28. Let w(x) = -j(x) + 3*l(x). Let a = 91 + -83. Calculate the remainder when 201 is divided by w(a).
14
Let r be (-8*(-8)/(-32))/(2/(-22)). Suppose -g = -a + 5, 3*g - 3 = -5*a + r. What is the remainder when a is divided by 4?
1
Suppose -p = 4*v + 197, v - 2*p = 3*p - 65. Let w = v + 59. Suppose 3*n = 3 + w, -5*l + 4*n = -779. What is the remainder when l is divided by 20?
19
Let m be (-1)/(2/36 - 0). Let g be 3/(-3)*(m + -3). Suppose -g = -y + 69. What is the remainder when y is divided by 31?
28
Let w(c) = -23*c**3 - c**2 + c - 2. Let k = 510 - -174. Suppose 0 = 10*d + 9*d - k. Calculate the remainder when w(-2) is divided by d.
32
Suppose 3*h = 14*p - 18*p + 1394, -4*p = -3*h + 1354. Calculate the remainder when 1388 is divided by h.
14
Let r be 12/(2 - -1)*-674. Suppose -2*v - 4 = 0, -o + 26 - 4 = -4*v. What is the remainder when r/(-40) - 3/(-5) is divided by o?
12
Suppose -31*v + 383 + 330 = 0. Let d(y) = 19*y - 64. Calculate the remainder when d(8) is divided by v.
19
What is the remainder when (0 - 2/(-17)) + (4 - (-77712)/102) is divided by 197?